{"id":170,"date":"2023-11-20T23:06:47","date_gmt":"2023-11-20T21:06:47","guid":{"rendered":"https:\/\/blogi.savonia.fi\/thomascoelho\/?page_id=170"},"modified":"2023-11-22T03:30:49","modified_gmt":"2023-11-22T01:30:49","slug":"lapin-matkailuun-sipinaa","status":"publish","type":"page","link":"https:\/\/blogi.savonia.fi\/thomascoelho\/matkailu-ja-majoituspalvelut-tutuksi-e-portfolio-oppimistehtava\/lapin-matkailuun-sipinaa\/","title":{"rendered":"Rakkaudesta ammattiin"},"content":{"rendered":"\n<p>T\u00e4n\u00e4\u00e4n eteeni tupsahti  Anna\u00a0Grotenfelt-Paunosta ja h\u00e4nen yritt\u00e4jyytt\u00e4\u00e4n ja sen tuomia vaikeuksia koskeva Maaseudun Tulevaisuuden julkaisu, jossa k\u00e4siteltiin h\u00e4nt\u00e4 itse\u00e4\u00e4n henkil\u00f6n\u00e4 ja h\u00e4nen toimintaansa PihlasResortissa, jossa h\u00e4n toimii luksuslomakyl\u00e4n toimitusjohtajana. <\/p>\n\n\n\n<p><strong>Uupumus&nbsp;sai&nbsp;matkailuyritt\u00e4j\u00e4n&nbsp;asettamaan&nbsp;ty\u00f6nteolle&nbsp;napakat&nbsp;rajat:&nbsp;\u201dKoska&nbsp;tykk\u00e4\u00e4n&nbsp;ty\u00f6st\u00e4ni,&nbsp;helposti&nbsp;joustan&nbsp;asioista\u201d<\/strong> (Mustonen 2023) Linkki uutiseen: <a href=\"https:\/\/www.maaseuduntulevaisuus.fi\/lukemisto\/ef9e0e6d-c4a1-428e-bebf-a17e82f499b7\">https:\/\/www.maaseuduntulevaisuus.fi\/lukemisto\/ef9e0e6d-c4a1-428e-bebf-a17e82f499b7<\/a><\/p>\n\n\n\n<p>Uutisessa k\u00e4siteltiin Annan nousua PihlasResortin rattiin aina h\u00e4nen omasta kahvilayritystoiminnastaan saakka, sek\u00e4 k\u00e4siteltiin h\u00e4nen perhe-el\u00e4m\u00e4\u00e4 ja koulutustaustaa. Uutinen avasi hienosti esimerkkiprofiilin eritt\u00e4in yritteli\u00e4\u00e4st\u00e4\u00a0ja vahvasta naishenkil\u00f6st\u00e4.<\/p>\n\n\n\n<p><strong>PihlasResort <\/strong><\/p>\n\n\n\n<p>PihlasResort on siis luksuslomakyl\u00e4yritys, joka sijaitsee pihlasj\u00e4rven rannalla, sen loi liikemies Pekka Viljakainen, joka  sitten kutsui Annan mukaan toimintaan ja yhti\u00f6kumppanikseen toimitusjohtajaksi. <\/p>\n\n\n\n<p>PihlasResort on vastuullisesti toimiva luontoa&nbsp;ja&nbsp;kulttuuria&nbsp;kunnioittava luonnonl\u00e4heinen luksuslomam\u00f6kkikyl\u00e4, joka pit\u00e4\u00e4 sis\u00e4ll\u00e4\u00e4n kymmenen erillist\u00e4 m\u00f6kki\u00e4\/villaa sek\u00e4 saunarakennuksen,&nbsp;urheiluhallin, ravintola-&nbsp;ja&nbsp;vastaanottotilat.<\/p>\n\n\n\n<p>Haluan nostaa esiin uutisesta esimerkkej\u00e4 lomakyl\u00e4n eritt\u00e4in upeasta vastuullisuudesta, esimerkiksi suihkut ja hanat ovat vett\u00e4 s\u00e4\u00e4st\u00e4vi\u00e4, m\u00f6kit l\u00e4mpenev\u00e4t vastuullisella maal\u00e4mm\u00f6ll\u00e4 ja huoneiden tekstiilit ovat ekomateriaaleista valmistettuja. <\/p>\n\n\n\n<p><em>On upeaa, ett\u00e4 ihmiset uskaltavat ja haluavat viel\u00e4 yritt\u00e4\u00e4 t\u00e4\u00e4ll\u00e4 periferiassa. Annan kaltaiset henkil\u00f6t pit\u00e4v\u00e4t yll\u00e4 maalaisinfraa ja tuovat kaupunkilaiset l\u00e4hemm\u00e4ksi luontoa. <\/em><\/p>\n\n\n\n<figure class=\"wp-block-image size-large is-resized\"><img loading=\"lazy\" decoding=\"async\" width=\"1024\" height=\"682\" src=\"https:\/\/blogi.savonia.fi\/thomascoelho\/wp-content\/uploads\/sites\/12672\/2023\/11\/forest-3622519_1280-1024x682.jpg\" alt=\"\" class=\"wp-image-180\" style=\"aspect-ratio:1.501466275659824;width:655px;height:auto\" srcset=\"https:\/\/blogi.savonia.fi\/thomascoelho\/wp-content\/uploads\/sites\/12672\/2023\/11\/forest-3622519_1280-1024x682.jpg 1024w, https:\/\/blogi.savonia.fi\/thomascoelho\/wp-content\/uploads\/sites\/12672\/2023\/11\/forest-3622519_1280-300x200.jpg 300w, https:\/\/blogi.savonia.fi\/thomascoelho\/wp-content\/uploads\/sites\/12672\/2023\/11\/forest-3622519_1280-768x512.jpg 768w, https:\/\/blogi.savonia.fi\/thomascoelho\/wp-content\/uploads\/sites\/12672\/2023\/11\/forest-3622519_1280-624x416.jpg 624w, https:\/\/blogi.savonia.fi\/thomascoelho\/wp-content\/uploads\/sites\/12672\/2023\/11\/forest-3622519_1280.jpg 1280w\" sizes=\"auto, (max-width: 1024px) 100vw, 1024px\" \/><\/figure>\n\n\n\n<p>Kuva 1. Mets\u00e4, Puita, Sumu (jplenio Julkaisuaika tuntematon)<\/p>\n\n\n\n<p><strong>Yritt\u00e4j\u00e4n\u00e4 olo<\/strong><\/p>\n\n\n\n<p>Haluan nyt kuitenkin siirty\u00e4 PihlasResortista itse sen yritt\u00e4jiin ja yritt\u00e4j\u00e4n\u00e4 olon rankkuuteen. <\/p>\n\n\n\n<p>Niin, kuin uutisen otsikossakin jo mainitaan jatkuva ty\u00f6nteko ja stressi ajoivat Annan v\u00e4symykseen. Yritt\u00e4minen on eritt\u00e4in raskasta ja stressaavaa, joten ei ole mik\u00e4\u00e4n ihme, ett\u00e4 jopa Annan kaltainen henkil\u00f6 kohtaa ty\u00f6ss\u00e4 rajansa. On kuitenkin mahtavaa huomata, ett\u00e4 itselleen tarkkojen rajojen ja suunnitelmien laatiminen, sek\u00e4 asianmukainen lepo on nostanut Annan takaisin jaloilleen.<\/p>\n\n\n\n<p>T\u00e4ss\u00e4 kohtaa haluaisinkin nostaa esiin, ett\u00e4 yritys kuin yritys olemme kaikki ihmisi\u00e4, ja tarvitsemme lepoa, on t\u00e4rke\u00e4\u00e4 tunnistaa, milloin liika on liikaa, ja j\u00e4tt\u00e4\u00e4 aikaa my\u00f6s itsellens\u00e4, sek\u00e4 perheelle ja l\u00e4heisille.<\/p>\n\n\n\n<p><strong>Omia mietteit\u00e4 yritt\u00e4jyydest\u00e4<\/strong><\/p>\n\n\n\n<p><em>Aina se v\u00e4lill\u00e4 nousee vaan mieleen<\/em>,<\/p>\n\n\n\n<p><em>millaista olisi yritt\u00e4minen? <\/em><\/p>\n\n\n\n<p>Kysymys on eritt\u00e4in vaikea vastata viel\u00e4 t\u00e4ss\u00e4 vaiheessa. Yritt\u00e4minen kiinnostaa, mutta samalla pelottaa. Siksi on eritt\u00e4in t\u00e4rk\u00e4\u00e4 lukea Annan kaltaisista yritt\u00e4jist\u00e4, jotka avaavat yksityisel\u00e4m\u00e4n tasolta yritt\u00e4misest\u00e4 ja siin\u00e4 kohdattavista demoneista. <\/p>\n\n\n\n<p>Ehk\u00e4 t\u00e4h\u00e4n loppuun voisi viel\u00e4 tiivist\u00e4\u00e4, ett\u00e4 lukiessa siit\u00e4, mik\u00e4 vaiva kannattavan yritystoiminnan takaamiseksi vaaditaan, niin jos joskus laitan oman puljun pystyyn, on \u00e4\u00e4rimm\u00e4isen t\u00e4rke\u00e4\u00e4 asettaa omat rajansa, ett\u00e4 ei pala loppuun. <\/p>\n\n\n\n<p><em>Vaikeuksia tulee aina vastaan, vaikka miten kokenut ja taitava yritt\u00e4j\u00e4 olisikaan<\/em>.<\/p>\n\n\n\n<figure class=\"wp-block-image size-large\"><img loading=\"lazy\" decoding=\"async\" width=\"1024\" height=\"733\" src=\"https:\/\/blogi.savonia.fi\/thomascoelho\/wp-content\/uploads\/sites\/12672\/2023\/11\/image-1024x733.png\" alt=\"\" class=\"wp-image-181\" srcset=\"https:\/\/blogi.savonia.fi\/thomascoelho\/wp-content\/uploads\/sites\/12672\/2023\/11\/image-1024x733.png 1024w, https:\/\/blogi.savonia.fi\/thomascoelho\/wp-content\/uploads\/sites\/12672\/2023\/11\/image-300x215.png 300w, https:\/\/blogi.savonia.fi\/thomascoelho\/wp-content\/uploads\/sites\/12672\/2023\/11\/image-768x550.png 768w, https:\/\/blogi.savonia.fi\/thomascoelho\/wp-content\/uploads\/sites\/12672\/2023\/11\/image-624x447.png 624w, https:\/\/blogi.savonia.fi\/thomascoelho\/wp-content\/uploads\/sites\/12672\/2023\/11\/image.png 1280w\" sizes=\"auto, (max-width: 1024px) 100vw, 1024px\" \/><\/figure>\n\n\n\n<p>Kuva 2. bloggaaja (lukasbieri Julkaisuaika tuntematon)<\/p>\n\n\n\n<p>21.11.2023<\/p>\n\n\n\n<p>L\u00e4hteet:<\/p>\n\n\n\n<ul class=\"wp-block-list\">\n<li>Mustonen, Riitta 2023 Uupumus&nbsp;sai&nbsp;matkailuyritt\u00e4j\u00e4n&nbsp;asettamaan&nbsp;ty\u00f6nteolle&nbsp;napakat&nbsp;rajat:&nbsp;\u201dKoska&nbsp;tykk\u00e4\u00e4n&nbsp;ty\u00f6st\u00e4ni,&nbsp;helposti&nbsp;joustan&nbsp;asioista\u201d (Maaseudun Tulevaisuus 20.11.2023) <a href=\"https:\/\/www.maaseuduntulevaisuus.fi\/lukemisto\/ef9e0e6d-c4a1-428e-bebf-a17e82f499b7\">https:\/\/www.maaseuduntulevaisuus.fi\/lukemisto\/ef9e0e6d-c4a1-428e-bebf-a17e82f499b7<\/a> Viitattu 21.11.2023<\/li>\n\n\n\n<li>jplenio Julkaisuaika tuntematon. Mets\u00e4, Puita, Sumu. Valokuva. Pixabay. <a href=\"https:\/\/pixabay.com\/fi\/photos\/mets%C3%A4-puita-sumu-havupuut-m%C3%A4nty-3622519\/\">https:\/\/pixabay.com\/fi\/photos\/mets%C3%A4-puita-sumu-havupuut-m%C3%A4nty-3622519\/<\/a> Viitattu 21.11.2023<\/li>\n\n\n\n<li> lukasbieri Julkaisuaika tuntematon. bloggaaja. Valokuva. Pixabay. <a href=\"https:\/\/pixabay.com\/fi\/photos\/bloggaaja-k%C3%A4sikirjoittaja-2838945\/\">https:\/\/pixabay.com\/fi\/photos\/bloggaaja-k%C3%A4sikirjoittaja-2838945\/<\/a> Viitattu 21.11.2023<\/li>\n<\/ul>\n\n\n\n<p><\/p>\n\n\n\n<p><\/p>\n","protected":false},"excerpt":{"rendered":"<p>T\u00e4n\u00e4\u00e4n eteeni tupsahti Anna\u00a0Grotenfelt-Paunosta ja h\u00e4nen yritt\u00e4jyytt\u00e4\u00e4n ja sen tuomia vaikeuksia koskeva Maaseudun Tulevaisuuden julkaisu, jossa k\u00e4siteltiin h\u00e4nt\u00e4 itse\u00e4\u00e4n henkil\u00f6n\u00e4 ja h\u00e4nen toimintaansa PihlasResortissa, jossa h\u00e4n toimii luksuslomakyl\u00e4n toimitusjohtajana. Uupumus&nbsp;sai&nbsp;matkailuyritt\u00e4j\u00e4n&nbsp;asettamaan&nbsp;ty\u00f6nteolle&nbsp;napakat&nbsp;rajat:&nbsp;\u201dKoska&nbsp;tykk\u00e4\u00e4n&nbsp;ty\u00f6st\u00e4ni,&nbsp;helposti&nbsp;joustan&nbsp;asioista\u201d (Mustonen 2023) Linkki uutiseen: https:\/\/www.maaseuduntulevaisuus.fi\/lukemisto\/ef9e0e6d-c4a1-428e-bebf-a17e82f499b7 Uutisessa k\u00e4siteltiin Annan nousua PihlasResortin rattiin aina h\u00e4nen omasta kahvilayritystoiminnastaan saakka, sek\u00e4 k\u00e4siteltiin h\u00e4nen perhe-el\u00e4m\u00e4\u00e4 ja koulutustaustaa. Uutinen avasi hienosti [&hellip;]<\/p>\n","protected":false},"author":10470,"featured_media":0,"parent":8,"menu_order":8,"comment_status":"closed","ping_status":"closed","template":"","meta":{"footnotes":""},"class_list":["post-170","page","type-page","status-publish","hentry"],"_links":{"self":[{"href":"https:\/\/blogi.savonia.fi\/thomascoelho\/wp-json\/wp\/v2\/pages\/170","targetHints":{"allow":["GET"]}}],"collection":[{"href":"https:\/\/blogi.savonia.fi\/thomascoelho\/wp-json\/wp\/v2\/pages"}],"about":[{"href":"https:\/\/blogi.savonia.fi\/thomascoelho\/wp-json\/wp\/v2\/types\/page"}],"author":[{"embeddable":true,"href":"https:\/\/blogi.savonia.fi\/thomascoelho\/wp-json\/wp\/v2\/users\/10470"}],"replies":[{"embeddable":true,"href":"https:\/\/blogi.savonia.fi\/thomascoelho\/wp-json\/wp\/v2\/comments?post=170"}],"version-history":[{"count":10,"href":"https:\/\/blogi.savonia.fi\/thomascoelho\/wp-json\/wp\/v2\/pages\/170\/revisions"}],"predecessor-version":[{"id":187,"href":"https:\/\/blogi.savonia.fi\/thomascoelho\/wp-json\/wp\/v2\/pages\/170\/revisions\/187"}],"up":[{"embeddable":true,"href":"https:\/\/blogi.savonia.fi\/thomascoelho\/wp-json\/wp\/v2\/pages\/8"}],"wp:attachment":[{"href":"https:\/\/blogi.savonia.fi\/thomascoelho\/wp-json\/wp\/v2\/media?parent=170"}],"curies":[{"name":"wp","href":"https:\/\/api.w.org\/{rel}","templated":true}]}}