{"id":74,"date":"2023-10-27T05:14:17","date_gmt":"2023-10-27T02:14:17","guid":{"rendered":"https:\/\/blogi.savonia.fi\/thomascoelho\/?page_id=74"},"modified":"2023-11-22T20:19:43","modified_gmt":"2023-11-22T18:19:43","slug":"ruokaa-kylman-kaden-kautta","status":"publish","type":"page","link":"https:\/\/blogi.savonia.fi\/thomascoelho\/matkailu-ja-majoituspalvelut-tutuksi-e-portfolio-oppimistehtava\/ruokaa-kylman-kaden-kautta\/","title":{"rendered":"Ruokaa kylm\u00e4n k\u00e4den kautta"},"content":{"rendered":"\n<p>Mik\u00e4 on tulevaisuus yhdell\u00e4 nopeiten jatkuvasti kehittyvistyvist\u00e4 aloista, eli matkailu ja ravintola alasta. Taas on uusi l\u00e4pimurto tullut, elikk\u00e4 jo melko korkealaatuista ruokaa valmistavat keitti\u00f6robotit. En\u00e4\u00e4n siis kyseiset kylm\u00e4t kaverit ei toimi pelk\u00e4st\u00e4\u00e4n ruoan p\u00f6yt\u00e4\u00e4n rullaajina tai ruuantuotantotehtaiden linjastoilla.<\/p>\n\n\n\n<figure class=\"wp-block-image size-full is-resized\"><img loading=\"lazy\" decoding=\"async\" width=\"640\" height=\"481\" src=\"https:\/\/blogi.savonia.fi\/thomascoelho\/wp-content\/uploads\/sites\/12672\/2023\/10\/Tehdasrobotti.png\" alt=\"\" class=\"wp-image-75\" style=\"aspect-ratio:1.3305613305613306;width:397px;height:auto\" srcset=\"https:\/\/blogi.savonia.fi\/thomascoelho\/wp-content\/uploads\/sites\/12672\/2023\/10\/Tehdasrobotti.png 640w, https:\/\/blogi.savonia.fi\/thomascoelho\/wp-content\/uploads\/sites\/12672\/2023\/10\/Tehdasrobotti-300x225.png 300w, https:\/\/blogi.savonia.fi\/thomascoelho\/wp-content\/uploads\/sites\/12672\/2023\/10\/Tehdasrobotti-624x469.png 624w\" sizes=\"auto, (max-width: 640px) 100vw, 640px\" \/><\/figure>\n\n\n\n<p>Kuva 1. Service robots (Mohamed_hassan julkaisuaika tuntematon)<\/p>\n\n\n\n<p><strong>Saksalaisravintolan robottikokki tekee 150 annosta tunnissa \u2013 Asiakkaat eiv\u00e4t huomanneet eroa (Tuula Laatikainen 2023)<\/strong> Linkki uutiseen: <a rel=\"noreferrer noopener\" href=\"https:\/\/www.kauppalehti.fi\/uutiset\/kl\/ce403937-756d-4946-af2d-93e2b49e2a7e?ref=ampparit:7629&amp;_gl=1b174uvampparit_gaMTI5NzU4NjE1MS4xNjk3OTYwOTczampparit_ga_3L539PMN3X*MTY5ODM3MDc5MS4yLjAuMTY5ODM3MDc5MS4wLjAuMA..\" target=\"_blank\">https:\/\/www.kauppalehti.fi\/uutiset\/kl\/ce403937-756d-4946-af2d-93e2b49e2a7e?ref=ampparit:7629&amp;_gl=1<em>b174uv<\/em>ampparit_ga<em>MTI5NzU4NjE1MS4xNjk3OTYwOTcz<\/em>ampparit_ga_3L539PMN3X*MTY5ODM3MDc5MS4yLjAuMTY5ODM3MDc5MS4wLjAuMA..<\/a><\/p>\n\n\n\n<p>Uutisessa siis kerrotaan Goodbytz-nimisest\u00e4 Saksalaisesta yrityksest\u00e4 ja sen uusista ravintolakokkiroboteista, jotka kykenev\u00e4t valmistamaan 150 ruoka-annosta tunnissa. (Laatikainen, Tuula 2023)<\/p>\n\n\n\n<p>Yritys oli tehnyt kokeilun jossa se oli nimett\u00f6m\u00e4ksi j\u00e4\u00e4v\u00e4ss\u00e4 ravintolassa k\u00e4ytt\u00e4nyt robotteja ruoan valmistamiseen oikeille asiakkaille. T\u00e4m\u00e4 testi oli ilmeisesti mennyt hyvin sill\u00e4 yritys on nyt l\u00e4htenyt nousukiitoon ja se on saanut yli 12 miljoonan euron edest\u00e4 rahoitusta riskisijoittajilta sek\u00e4 se on laajenemassa ulkomaille saksankielisiin valtioihin. (Laatikainen, Tuula 2023) <\/p>\n\n\n\n<p>T\u00e4st\u00e4 uutisesta opin miten nopeaa kehitys alalla oikeasti on, kokoajan tulee uusia innovaatioita ja teknologiaa, mik\u00e4 monipuolistaa alaamme ja vie sit\u00e4 eteenp\u00e4in. <\/p>\n\n\n\n<p>Vaikka n\u00e4in aluksi superkokkirobotit kuulostavat pelottavilta ja alkaa puskemaan hikipisaroita esiin n\u00e4in kokkina itsekin, niin koen, ett\u00e4 suurta huolta ei viel\u00e4 asian suhteen ole, kovin komplekseihin makunautintoihin n\u00e4m\u00e4 robotit siis eiv\u00e4t viel\u00e4 pysty niin kuin Suutari tekstiss\u00e4\u00e4n on kirjoittanut: &#8221;Robottien on kaavailtu ty\u00f6skentelev\u00e4n l\u00e4hinn\u00e4 suurkeitti\u00f6iss\u00e4, kuten ty\u00f6paikka- ja kouluruokailoissa, hotelleissa, sairaaloissa ja hoitokodeissa.&#8221;. T\u00e4ten uskon, ett\u00e4 olemme viel\u00e4 kaukana siit\u00e4 tulevaisuudesta, jossa robottikokit valmistavat oikeasti todella komplekseja aterioita ja, kun se p\u00e4iv\u00e4 koittaa, vaikkapa miksi nyt ei t\u00e4m\u00e4n Eurooppalaisen firman puolesta, on sin\u00e4 p\u00e4iv\u00e4n\u00e4 ihmiskokkien aika siirty\u00e4 syrj\u00e4\u00e4n k\u00e4ytt\u00e4m\u00e4\u00e4n upeita cateringalalla opittuja taitoja muiden viel\u00e4 luovempien t\u00f6iden parissa, esimerkiksi ohjelmoimalla n\u00e4it\u00e4 kyseisi\u00e4 robotteja tulevaisuudessa valmistamaan yh\u00e4 vaikeampia ja vaikeampia makukokonaisuuksia.<\/p>\n\n\n\n<p>27.10.2023<\/p>\n\n\n\n<p>L\u00e4hteet:<\/p>\n\n\n\n<ul class=\"wp-block-list\">\n<li>Laatikainen, Tuula 2023 Saksalaisravintolan robottikokki tekee 150 annosta tunnissa \u2013 Asiakkaat eiv\u00e4t huomanneet eroa<strong> <\/strong>(Kauppalehti 25.10.2023) <a rel=\"noreferrer noopener\" href=\"https:\/\/www.kauppalehti.fi\/uutiset\/kl\/ce403937-756d-4946-af2d-93e2b49e2a7e?ref=ampparit:7629&amp;_gl=1b174uvampparit_gaMTI5NzU4NjE1MS4xNjk3OTYwOTczampparit_ga_3L539PMN3X*MTY5ODM3MDc5MS4yLjAuMTY5ODM3MDc5MS4wLjAuMA..\" target=\"_blank\">https:\/\/www.kauppalehti.fi\/uutiset\/kl\/ce403937-756d-4946-af2d-93e2b49e2a7e?ref=ampparit:7629&amp;_gl=1<em>b174uv<\/em>ampparit_ga<em>MTI5NzU4NjE1MS4xNjk3OTYwOTcz<\/em>ampparit_ga_3L539PMN3X*MTY5ODM3MDc5MS4yLjAuMTY5ODM3MDc5MS4wLjAuMA..<\/a> Viitattu 27.10.2023<\/li>\n\n\n\n<li>Mohamed_hassan Julkaisuaika tuntematon. Service Robot. Kuva. Pixabay. <a rel=\"noreferrer noopener\" href=\"https:\/\/pixabay.com\/fi\/vectors\/tehdas-automaatio-robotti-tuotantoa-7281686\/\" target=\"_blank\">https:\/\/pixabay.com\/fi\/vectors\/tehdas-automaatio-robotti-tuotantoa-7281686\/<\/a><\/li>\n<\/ul>\n","protected":false},"excerpt":{"rendered":"<p>Mik\u00e4 on tulevaisuus yhdell\u00e4 nopeiten jatkuvasti kehittyvistyvist\u00e4 aloista, eli matkailu ja ravintola alasta. Taas on uusi l\u00e4pimurto tullut, elikk\u00e4 jo melko korkealaatuista ruokaa valmistavat keitti\u00f6robotit. En\u00e4\u00e4n siis kyseiset kylm\u00e4t kaverit ei toimi pelk\u00e4st\u00e4\u00e4n ruoan p\u00f6yt\u00e4\u00e4n rullaajina tai ruuantuotantotehtaiden linjastoilla. Kuva 1. Service robots (Mohamed_hassan julkaisuaika tuntematon) Saksalaisravintolan robottikokki tekee 150 annosta tunnissa \u2013 Asiakkaat eiv\u00e4t [&hellip;]<\/p>\n","protected":false},"author":10470,"featured_media":0,"parent":8,"menu_order":3,"comment_status":"closed","ping_status":"closed","template":"","meta":{"footnotes":""},"class_list":["post-74","page","type-page","status-publish","hentry"],"_links":{"self":[{"href":"https:\/\/blogi.savonia.fi\/thomascoelho\/wp-json\/wp\/v2\/pages\/74","targetHints":{"allow":["GET"]}}],"collection":[{"href":"https:\/\/blogi.savonia.fi\/thomascoelho\/wp-json\/wp\/v2\/pages"}],"about":[{"href":"https:\/\/blogi.savonia.fi\/thomascoelho\/wp-json\/wp\/v2\/types\/page"}],"author":[{"embeddable":true,"href":"https:\/\/blogi.savonia.fi\/thomascoelho\/wp-json\/wp\/v2\/users\/10470"}],"replies":[{"embeddable":true,"href":"https:\/\/blogi.savonia.fi\/thomascoelho\/wp-json\/wp\/v2\/comments?post=74"}],"version-history":[{"count":6,"href":"https:\/\/blogi.savonia.fi\/thomascoelho\/wp-json\/wp\/v2\/pages\/74\/revisions"}],"predecessor-version":[{"id":198,"href":"https:\/\/blogi.savonia.fi\/thomascoelho\/wp-json\/wp\/v2\/pages\/74\/revisions\/198"}],"up":[{"embeddable":true,"href":"https:\/\/blogi.savonia.fi\/thomascoelho\/wp-json\/wp\/v2\/pages\/8"}],"wp:attachment":[{"href":"https:\/\/blogi.savonia.fi\/thomascoelho\/wp-json\/wp\/v2\/media?parent=74"}],"curies":[{"name":"wp","href":"https:\/\/api.w.org\/{rel}","templated":true}]}}