{"id":8,"date":"2023-10-04T09:32:26","date_gmt":"2023-10-04T06:32:26","guid":{"rendered":"https:\/\/blogi.savonia.fi\/thomascoelho\/?page_id=8"},"modified":"2023-11-20T21:54:37","modified_gmt":"2023-11-20T19:54:37","slug":"matkailu-ja-majoituspalvelut-tutuksi-e-portfolio-oppimistehtava","status":"publish","type":"page","link":"https:\/\/blogi.savonia.fi\/thomascoelho\/matkailu-ja-majoituspalvelut-tutuksi-e-portfolio-oppimistehtava\/","title":{"rendered":"Matkailu- ja majoituspalvelut tutuksi e-Portfolio oppimisteht\u00e4v\u00e4"},"content":{"rendered":"\n<p>Tulen t\u00e4ss\u00e4 blogissa k\u00e4sittelem\u00e4\u00e4n ja pohtimaan erin\u00e4k\u00f6isi\u00e4 ajankohtaisia sek\u00e4 v\u00e4hemm\u00e4n ajankohtaisia mielenkiintoisia  matkailu- ja majoitusalaa koskevia uutisia, medioita, aiheita sek\u00e4 tapahtumia.<\/p>\n\n\n\n<p>Mielenkiintoiset uutiset ja julkaisut tarttuvat mukaan yht\u00e4 tarmokkaalla tahdilla, kuin karpalot keskelt\u00e4 mets\u00e4\u00e4 saappaat t\u00e4ynn\u00e4 vett\u00e4!<\/p>\n\n\n\n<figure class=\"wp-block-image size-full is-resized\"><img loading=\"lazy\" decoding=\"async\" width=\"722\" height=\"963\" src=\"https:\/\/blogi.savonia.fi\/thomascoelho\/wp-content\/uploads\/sites\/12672\/2023\/11\/IMG-20201010-WA0000.jpg\" alt=\"\" class=\"wp-image-167\" style=\"aspect-ratio:0.7497403946002077;width:532px;height:auto\" srcset=\"https:\/\/blogi.savonia.fi\/thomascoelho\/wp-content\/uploads\/sites\/12672\/2023\/11\/IMG-20201010-WA0000.jpg 722w, https:\/\/blogi.savonia.fi\/thomascoelho\/wp-content\/uploads\/sites\/12672\/2023\/11\/IMG-20201010-WA0000-225x300.jpg 225w, https:\/\/blogi.savonia.fi\/thomascoelho\/wp-content\/uploads\/sites\/12672\/2023\/11\/IMG-20201010-WA0000-624x832.jpg 624w\" sizes=\"auto, (max-width: 722px) 100vw, 722px\" \/><\/figure>\n\n\n\n<p> Kuva 1. Anu Hannikainen 10.10.2020 Thomas Ker\u00e4ilem\u00e4ss\u00e4 mehukkaita karpaloita <\/p>\n\n\n\n<p><\/p>\n\n\n\n<p><\/p>\n\n\n\n<h2 class=\"wp-block-heading\"><\/h2>\n","protected":false},"excerpt":{"rendered":"<p>Tulen t\u00e4ss\u00e4 blogissa k\u00e4sittelem\u00e4\u00e4n ja pohtimaan erin\u00e4k\u00f6isi\u00e4 ajankohtaisia sek\u00e4 v\u00e4hemm\u00e4n ajankohtaisia mielenkiintoisia matkailu- ja majoitusalaa koskevia uutisia, medioita, aiheita sek\u00e4 tapahtumia. Mielenkiintoiset uutiset ja julkaisut tarttuvat mukaan yht\u00e4 tarmokkaalla tahdilla, kuin karpalot keskelt\u00e4 mets\u00e4\u00e4 saappaat t\u00e4ynn\u00e4 vett\u00e4! Kuva 1. Anu Hannikainen 10.10.2020 Thomas Ker\u00e4ilem\u00e4ss\u00e4 mehukkaita karpaloita<\/p>\n","protected":false},"author":10470,"featured_media":0,"parent":0,"menu_order":1,"comment_status":"closed","ping_status":"closed","template":"","meta":{"footnotes":""},"class_list":["post-8","page","type-page","status-publish","hentry"],"_links":{"self":[{"href":"https:\/\/blogi.savonia.fi\/thomascoelho\/wp-json\/wp\/v2\/pages\/8","targetHints":{"allow":["GET"]}}],"collection":[{"href":"https:\/\/blogi.savonia.fi\/thomascoelho\/wp-json\/wp\/v2\/pages"}],"about":[{"href":"https:\/\/blogi.savonia.fi\/thomascoelho\/wp-json\/wp\/v2\/types\/page"}],"author":[{"embeddable":true,"href":"https:\/\/blogi.savonia.fi\/thomascoelho\/wp-json\/wp\/v2\/users\/10470"}],"replies":[{"embeddable":true,"href":"https:\/\/blogi.savonia.fi\/thomascoelho\/wp-json\/wp\/v2\/comments?post=8"}],"version-history":[{"count":9,"href":"https:\/\/blogi.savonia.fi\/thomascoelho\/wp-json\/wp\/v2\/pages\/8\/revisions"}],"predecessor-version":[{"id":168,"href":"https:\/\/blogi.savonia.fi\/thomascoelho\/wp-json\/wp\/v2\/pages\/8\/revisions\/168"}],"wp:attachment":[{"href":"https:\/\/blogi.savonia.fi\/thomascoelho\/wp-json\/wp\/v2\/media?parent=8"}],"curies":[{"name":"wp","href":"https:\/\/api.w.org\/{rel}","templated":true}]}}