{"id":31,"date":"2021-03-11T10:29:16","date_gmt":"2021-03-11T08:29:16","guid":{"rendered":"https:\/\/blogi.savonia.fi\/valtteriviitanenportfolio\/?page_id=31"},"modified":"2021-05-07T21:40:03","modified_gmt":"2021-05-07T18:40:03","slug":"matkailu-ja-majoituspalvelut","status":"publish","type":"page","link":"https:\/\/blogi.savonia.fi\/valtteriviitanenportfolio\/matkailu-ja-majoituspalvelut\/","title":{"rendered":"Matkailu- ja majoituspalvelut"},"content":{"rendered":"\n<ul class=\"wp-block-list\"><li><a href=\"https:\/\/blogi.savonia.fi\/valtteriviitanenportfolio\/2021\/03\/11\/1-matkailun-ja-majoituksen-historia\/\" data-type=\"URL\" data-id=\"https:\/\/blogi.savonia.fi\/valtteriviitanenportfolio\/2021\/03\/11\/1-matkailun-ja-majoituksen-historia\/\">Matkailun ja majoituksen historia<\/a><\/li><li><a href=\"https:\/\/blogi.savonia.fi\/valtteriviitanenportfolio\/2021\/03\/11\/2-matkailutuote\/\" data-type=\"URL\" data-id=\"https:\/\/blogi.savonia.fi\/valtteriviitanenportfolio\/2021\/03\/11\/2-matkailutuote\/\">Matkailu elinkeinona ja toimialana<\/a><\/li><li><a href=\"https:\/\/blogi.savonia.fi\/valtteriviitanenportfolio\/2021\/03\/11\/3-matkailu-elinkeinona\/\" data-type=\"URL\" data-id=\"https:\/\/blogi.savonia.fi\/valtteriviitanenportfolio\/2021\/03\/11\/3-matkailu-elinkeinona\/\">Matkailijatyypit<\/a><\/li><li><a href=\"https:\/\/blogi.savonia.fi\/valtteriviitanenportfolio\/2021\/03\/11\/4-matkailijatyypit\/\" data-type=\"URL\" data-id=\"https:\/\/blogi.savonia.fi\/valtteriviitanenportfolio\/2021\/03\/11\/4-matkailijatyypit\/\">Matkailutuote ja eri jakelukanavat<\/a><\/li><li><a href=\"https:\/\/blogi.savonia.fi\/valtteriviitanenportfolio\/2021\/03\/15\/5-matkailukohteet\/\" data-type=\"URL\" data-id=\"https:\/\/blogi.savonia.fi\/valtteriviitanenportfolio\/2021\/03\/15\/5-matkailukohteet\/\">Matkailukohteet ja n\u00e4ht\u00e4vyydet<\/a><\/li><li><a href=\"https:\/\/blogi.savonia.fi\/valtteriviitanenportfolio\/2021\/05\/07\/matkailun-turvallisuus\/\" data-type=\"URL\" data-id=\"https:\/\/blogi.savonia.fi\/valtteriviitanenportfolio\/2021\/05\/07\/matkailun-turvallisuus\/\">Matkailun turvallisuus<\/a><\/li><li><a href=\"https:\/\/blogi.savonia.fi\/valtteriviitanenportfolio\/2021\/03\/15\/6-majoitusmuodot\/\" data-type=\"URL\" data-id=\"https:\/\/blogi.savonia.fi\/valtteriviitanenportfolio\/2021\/03\/15\/6-majoitusmuodot\/\">Majoitusmuodot<\/a><\/li><li><a href=\"https:\/\/blogi.savonia.fi\/valtteriviitanenportfolio\/2021\/03\/15\/6-matkailun-turvallisuus\/\" data-type=\"URL\" data-id=\"https:\/\/blogi.savonia.fi\/valtteriviitanenportfolio\/2021\/03\/15\/6-matkailun-turvallisuus\/\">Kest\u00e4v\u00e4 ja vastuullinen matkailu<\/a><\/li><li><a href=\"https:\/\/blogi.savonia.fi\/valtteriviitanenportfolio\/2021\/03\/30\/anu-nylundin-vierailuluento-25-3\/\" data-type=\"URL\" data-id=\"https:\/\/blogi.savonia.fi\/valtteriviitanenportfolio\/2021\/03\/30\/anu-nylundin-vierailuluento-25-3\/\">Anu Nylundin vierailuluento 25.3<\/a><\/li><li><a href=\"https:\/\/blogi.savonia.fi\/valtteriviitanenportfolio\/2021\/05\/07\/paivittainen-toiminta-hotellissa\/\" data-type=\"URL\" data-id=\"https:\/\/blogi.savonia.fi\/valtteriviitanenportfolio\/2021\/05\/07\/paivittainen-toiminta-hotellissa\/\">P\u00e4ivitt\u00e4inen toiminta hotellissa<\/a><\/li><li>Ketjuhotellit ja hotelliketjut<\/li><\/ul>\n\n\n\n<p><\/p>\n","protected":false},"excerpt":{"rendered":"<p>Matkailun ja majoituksen historia Matkailu elinkeinona ja toimialana Matkailijatyypit Matkailutuote ja eri jakelukanavat Matkailukohteet ja n\u00e4ht\u00e4vyydet Matkailun turvallisuus Majoitusmuodot Kest\u00e4v\u00e4 ja vastuullinen matkailu Anu Nylundin vierailuluento 25.3 P\u00e4ivitt\u00e4inen toiminta hotellissa Ketjuhotellit ja hotelliketjut<\/p>\n","protected":false},"author":7411,"featured_media":0,"parent":0,"menu_order":0,"comment_status":"closed","ping_status":"closed","template":"","meta":{"footnotes":""},"class_list":["post-31","page","type-page","status-publish","hentry"],"_links":{"self":[{"href":"https:\/\/blogi.savonia.fi\/valtteriviitanenportfolio\/wp-json\/wp\/v2\/pages\/31","targetHints":{"allow":["GET"]}}],"collection":[{"href":"https:\/\/blogi.savonia.fi\/valtteriviitanenportfolio\/wp-json\/wp\/v2\/pages"}],"about":[{"href":"https:\/\/blogi.savonia.fi\/valtteriviitanenportfolio\/wp-json\/wp\/v2\/types\/page"}],"author":[{"embeddable":true,"href":"https:\/\/blogi.savonia.fi\/valtteriviitanenportfolio\/wp-json\/wp\/v2\/users\/7411"}],"replies":[{"embeddable":true,"href":"https:\/\/blogi.savonia.fi\/valtteriviitanenportfolio\/wp-json\/wp\/v2\/comments?post=31"}],"version-history":[{"count":11,"href":"https:\/\/blogi.savonia.fi\/valtteriviitanenportfolio\/wp-json\/wp\/v2\/pages\/31\/revisions"}],"predecessor-version":[{"id":180,"href":"https:\/\/blogi.savonia.fi\/valtteriviitanenportfolio\/wp-json\/wp\/v2\/pages\/31\/revisions\/180"}],"wp:attachment":[{"href":"https:\/\/blogi.savonia.fi\/valtteriviitanenportfolio\/wp-json\/wp\/v2\/media?parent=31"}],"curies":[{"name":"wp","href":"https:\/\/api.w.org\/{rel}","templated":true}]}}