{"id":13,"date":"2024-11-29T17:18:55","date_gmt":"2024-11-29T15:18:55","guid":{"rendered":"https:\/\/blogi.savonia.fi\/viitalaida\/?page_id=13"},"modified":"2024-12-02T20:30:39","modified_gmt":"2024-12-02T18:30:39","slug":"tietoa-minusta","status":"publish","type":"page","link":"https:\/\/blogi.savonia.fi\/viitalaida\/tietoa-minusta\/","title":{"rendered":"Tietoa minusta"},"content":{"rendered":"\n<div style=\"height:var(--wp--preset--spacing--50)\" aria-hidden=\"true\" class=\"wp-block-spacer\"><\/div>\n\n\n\n<div class=\"wp-block-group alignwide has-global-padding is-layout-constrained wp-block-group-is-layout-constrained\">\n<h1 class=\"wp-block-heading alignwide has-xx-large-font-size\" style=\"line-height:1.2\"><em><strong>Olen 22-vuotias opiskelija kuopiosta, jolla on monia mielenkiinnon kohteita.<\/strong><\/em><\/h1>\n\n\n\n<div style=\"height:39px\" aria-hidden=\"true\" class=\"wp-block-spacer\"><\/div>\n\n\n\n<ul class=\"wp-block-list\">\n<li>Tykk\u00e4\u00e4n tutustua erilaisiin kulttuureihin ja kieliin. T\u00e4m\u00e4 on yksi syist\u00e4 miksi l\u00e4hdin opiskelemaan matkailupuolen restonomiksi. Mielenkiintoni erilaisia kulttuureita kohtaan her\u00e4si seiska luokalla, milloin p\u00e4\u00e4sin ensimm\u00e4iselle ulkomaamatkalleni. Olin kuullut muista maista ja kulttuureista koulussa, mutta t\u00e4m\u00e4 oli ensimm\u00e4inen kerta kun p\u00e4\u00e4sin kokemaan sen itse.<\/li>\n\n\n\n<li>Pid\u00e4n my\u00f6s historiasta ja p\u00e4\u00e4dyin opiskelemaan sit\u00e4 lukiossa valinnaisena. Historia toimi minulle ikkunana tutustua menneisiin ja nykyisiin kulttuureihin.<\/li>\n\n\n\n<li>musiikki on my\u00f6s ollut pienest\u00e4 asti syd\u00e4nt\u00e4 l\u00e4hell\u00e4 oleva harrastus ja tykk\u00e4\u00e4n viett\u00e4\u00e4 paljon aikaa kavereiden sek\u00e4 perheeni kanssa.<\/li>\n<\/ul>\n<\/div>\n\n\n\n<div class=\"wp-block-group alignfull has-global-padding is-layout-constrained wp-container-core-group-is-layout-b25ccd55 wp-block-group-is-layout-constrained\" style=\"margin-top:0;margin-bottom:0;padding-top:var(--wp--preset--spacing--50);padding-right:var(--wp--preset--spacing--50);padding-bottom:var(--wp--preset--spacing--50);padding-left:var(--wp--preset--spacing--50)\">\n<div class=\"wp-block-columns alignwide is-layout-flex wp-container-core-columns-is-layout-ff4b9c61 wp-block-columns-is-layout-flex\" style=\"margin-top:0;margin-bottom:0\">\n<div class=\"wp-block-column is-layout-flow wp-container-core-column-is-layout-8a368f38 wp-block-column-is-layout-flow\">\n<figure class=\"wp-block-image size-full is-style-rounded is-style-rounded--1\"><img loading=\"lazy\" decoding=\"async\" width=\"700\" height=\"934\" src=\"https:\/\/blogi.savonia.fi\/viitalaida\/wp-content\/uploads\/sites\/14211\/2024\/11\/almarokkaroope.jpg\" alt=\"\" class=\"wp-image-20\" style=\"aspect-ratio:4\/3;object-fit:cover\" srcset=\"https:\/\/blogi.savonia.fi\/viitalaida\/wp-content\/uploads\/sites\/14211\/2024\/11\/almarokkaroope.jpg 700w, https:\/\/blogi.savonia.fi\/viitalaida\/wp-content\/uploads\/sites\/14211\/2024\/11\/almarokkaroope-225x300.jpg 225w\" sizes=\"auto, (max-width: 700px) 100vw, 700px\" \/><\/figure>\n\n\n\n<div style=\"height:var(--wp--preset--spacing--50)\" aria-hidden=\"true\" class=\"wp-block-spacer\"><\/div>\n\n\n\n<figure class=\"wp-block-image size-large is-style-rounded is-style-rounded--2\"><img loading=\"lazy\" decoding=\"async\" width=\"768\" height=\"1024\" src=\"https:\/\/blogi.savonia.fi\/viitalaida\/wp-content\/uploads\/sites\/14211\/2024\/11\/1000010021-scaled-1-768x1024.jpg\" alt=\"\" class=\"wp-image-15\" style=\"aspect-ratio:3\/4;object-fit:cover\" srcset=\"https:\/\/blogi.savonia.fi\/viitalaida\/wp-content\/uploads\/sites\/14211\/2024\/11\/1000010021-scaled-1-768x1024.jpg 768w, https:\/\/blogi.savonia.fi\/viitalaida\/wp-content\/uploads\/sites\/14211\/2024\/11\/1000010021-scaled-1-225x300.jpg 225w, https:\/\/blogi.savonia.fi\/viitalaida\/wp-content\/uploads\/sites\/14211\/2024\/11\/1000010021-scaled-1-1152x1536.jpg 1152w, https:\/\/blogi.savonia.fi\/viitalaida\/wp-content\/uploads\/sites\/14211\/2024\/11\/1000010021-scaled-1-1536x2048.jpg 1536w, https:\/\/blogi.savonia.fi\/viitalaida\/wp-content\/uploads\/sites\/14211\/2024\/11\/1000010021-scaled-1.jpg 1920w\" sizes=\"auto, (max-width: 768px) 100vw, 768px\" \/><\/figure>\n\n\n\n<div style=\"height:var(--wp--preset--spacing--50)\" aria-hidden=\"true\" class=\"wp-block-spacer\"><\/div>\n\n\n\n<figure class=\"wp-block-image size-large is-style-rounded is-style-rounded--3\"><img loading=\"lazy\" decoding=\"async\" width=\"768\" height=\"1024\" src=\"https:\/\/blogi.savonia.fi\/viitalaida\/wp-content\/uploads\/sites\/14211\/2024\/11\/1000010794-768x1024.jpg\" alt=\"\" class=\"wp-image-18\" style=\"aspect-ratio:3\/4;object-fit:cover\" srcset=\"https:\/\/blogi.savonia.fi\/viitalaida\/wp-content\/uploads\/sites\/14211\/2024\/11\/1000010794-768x1024.jpg 768w, https:\/\/blogi.savonia.fi\/viitalaida\/wp-content\/uploads\/sites\/14211\/2024\/11\/1000010794-225x300.jpg 225w, https:\/\/blogi.savonia.fi\/viitalaida\/wp-content\/uploads\/sites\/14211\/2024\/11\/1000010794-1152x1536.jpg 1152w, https:\/\/blogi.savonia.fi\/viitalaida\/wp-content\/uploads\/sites\/14211\/2024\/11\/1000010794.jpg 1500w\" sizes=\"auto, (max-width: 768px) 100vw, 768px\" \/><\/figure>\n<\/div>\n\n\n\n<div class=\"wp-block-column is-layout-flow wp-container-core-column-is-layout-8a368f38 wp-block-column-is-layout-flow\">\n<div style=\"height:var(--wp--preset--spacing--50)\" aria-hidden=\"true\" class=\"wp-block-spacer\"><\/div>\n\n\n\n<figure class=\"wp-block-image size-large is-style-rounded is-style-rounded--4\"><img loading=\"lazy\" decoding=\"async\" width=\"768\" height=\"1024\" src=\"https:\/\/blogi.savonia.fi\/viitalaida\/wp-content\/uploads\/sites\/14211\/2024\/11\/1000009761-scaled-1-768x1024.jpg\" alt=\"\" class=\"wp-image-14\" style=\"aspect-ratio:3\/4;object-fit:cover\" srcset=\"https:\/\/blogi.savonia.fi\/viitalaida\/wp-content\/uploads\/sites\/14211\/2024\/11\/1000009761-scaled-1-768x1024.jpg 768w, https:\/\/blogi.savonia.fi\/viitalaida\/wp-content\/uploads\/sites\/14211\/2024\/11\/1000009761-scaled-1-225x300.jpg 225w, https:\/\/blogi.savonia.fi\/viitalaida\/wp-content\/uploads\/sites\/14211\/2024\/11\/1000009761-scaled-1-1152x1536.jpg 1152w, https:\/\/blogi.savonia.fi\/viitalaida\/wp-content\/uploads\/sites\/14211\/2024\/11\/1000009761-scaled-1-1536x2048.jpg 1536w, https:\/\/blogi.savonia.fi\/viitalaida\/wp-content\/uploads\/sites\/14211\/2024\/11\/1000009761-scaled-1.jpg 1920w\" sizes=\"auto, (max-width: 768px) 100vw, 768px\" \/><\/figure>\n\n\n\n<div style=\"height:var(--wp--preset--spacing--50)\" aria-hidden=\"true\" class=\"wp-block-spacer\"><\/div>\n\n\n\n<figure class=\"wp-block-image size-large is-style-rounded is-style-rounded--5\"><img loading=\"lazy\" decoding=\"async\" width=\"768\" height=\"1024\" src=\"https:\/\/blogi.savonia.fi\/viitalaida\/wp-content\/uploads\/sites\/14211\/2024\/11\/1000011871-768x1024.jpg\" alt=\"\" class=\"wp-image-19\" style=\"aspect-ratio:1;object-fit:cover\" srcset=\"https:\/\/blogi.savonia.fi\/viitalaida\/wp-content\/uploads\/sites\/14211\/2024\/11\/1000011871-768x1024.jpg 768w, https:\/\/blogi.savonia.fi\/viitalaida\/wp-content\/uploads\/sites\/14211\/2024\/11\/1000011871-225x300.jpg 225w, https:\/\/blogi.savonia.fi\/viitalaida\/wp-content\/uploads\/sites\/14211\/2024\/11\/1000011871-1152x1536.jpg 1152w, https:\/\/blogi.savonia.fi\/viitalaida\/wp-content\/uploads\/sites\/14211\/2024\/11\/1000011871.jpg 1536w\" sizes=\"auto, (max-width: 768px) 100vw, 768px\" \/><\/figure>\n\n\n\n<div style=\"height:var(--wp--preset--spacing--50)\" aria-hidden=\"true\" class=\"wp-block-spacer\"><\/div>\n\n\n\n<figure class=\"wp-block-image size-full is-style-rounded is-style-rounded--6\"><img loading=\"lazy\" decoding=\"async\" width=\"646\" height=\"528\" src=\"https:\/\/blogi.savonia.fi\/viitalaida\/wp-content\/uploads\/sites\/14211\/2024\/11\/Screenshot-2024-11-06-180329.png\" alt=\"\" class=\"wp-image-24\" style=\"aspect-ratio:1;object-fit:cover\" srcset=\"https:\/\/blogi.savonia.fi\/viitalaida\/wp-content\/uploads\/sites\/14211\/2024\/11\/Screenshot-2024-11-06-180329.png 646w, https:\/\/blogi.savonia.fi\/viitalaida\/wp-content\/uploads\/sites\/14211\/2024\/11\/Screenshot-2024-11-06-180329-300x245.png 300w\" sizes=\"auto, (max-width: 646px) 100vw, 646px\" \/><\/figure>\n<\/div>\n\n\n\n<div class=\"wp-block-column is-layout-flow wp-container-core-column-is-layout-8a368f38 wp-block-column-is-layout-flow\">\n<figure class=\"wp-block-image size-large is-style-rounded is-style-rounded--7\"><img loading=\"lazy\" decoding=\"async\" width=\"768\" height=\"1024\" src=\"https:\/\/blogi.savonia.fi\/viitalaida\/wp-content\/uploads\/sites\/14211\/2024\/11\/20240514_152513-scaled-1-768x1024.jpg\" alt=\"\" class=\"wp-image-16\" style=\"aspect-ratio:3\/4;object-fit:cover\" srcset=\"https:\/\/blogi.savonia.fi\/viitalaida\/wp-content\/uploads\/sites\/14211\/2024\/11\/20240514_152513-scaled-1-768x1024.jpg 768w, https:\/\/blogi.savonia.fi\/viitalaida\/wp-content\/uploads\/sites\/14211\/2024\/11\/20240514_152513-scaled-1-225x300.jpg 225w, https:\/\/blogi.savonia.fi\/viitalaida\/wp-content\/uploads\/sites\/14211\/2024\/11\/20240514_152513-scaled-1-1152x1536.jpg 1152w, https:\/\/blogi.savonia.fi\/viitalaida\/wp-content\/uploads\/sites\/14211\/2024\/11\/20240514_152513-scaled-1-1536x2048.jpg 1536w, https:\/\/blogi.savonia.fi\/viitalaida\/wp-content\/uploads\/sites\/14211\/2024\/11\/20240514_152513-scaled-1.jpg 1920w\" sizes=\"auto, (max-width: 768px) 100vw, 768px\" \/><\/figure>\n\n\n\n<div style=\"height:var(--wp--preset--spacing--50)\" aria-hidden=\"true\" class=\"wp-block-spacer\"><\/div>\n\n\n\n<figure class=\"wp-block-image size-large is-style-rounded is-style-rounded--8\"><img loading=\"lazy\" decoding=\"async\" width=\"768\" height=\"1024\" src=\"https:\/\/blogi.savonia.fi\/viitalaida\/wp-content\/uploads\/sites\/14211\/2024\/11\/IMG_0483-scaled-1-768x1024.jpg\" alt=\"\" class=\"wp-image-17\" style=\"aspect-ratio:3\/4;object-fit:cover\" srcset=\"https:\/\/blogi.savonia.fi\/viitalaida\/wp-content\/uploads\/sites\/14211\/2024\/11\/IMG_0483-scaled-1-768x1024.jpg 768w, https:\/\/blogi.savonia.fi\/viitalaida\/wp-content\/uploads\/sites\/14211\/2024\/11\/IMG_0483-scaled-1-225x300.jpg 225w, https:\/\/blogi.savonia.fi\/viitalaida\/wp-content\/uploads\/sites\/14211\/2024\/11\/IMG_0483-scaled-1-1152x1536.jpg 1152w, https:\/\/blogi.savonia.fi\/viitalaida\/wp-content\/uploads\/sites\/14211\/2024\/11\/IMG_0483-scaled-1-1536x2048.jpg 1536w, https:\/\/blogi.savonia.fi\/viitalaida\/wp-content\/uploads\/sites\/14211\/2024\/11\/IMG_0483-scaled-1.jpg 1920w\" sizes=\"auto, (max-width: 768px) 100vw, 768px\" \/><\/figure>\n\n\n\n<div style=\"height:var(--wp--preset--spacing--50)\" aria-hidden=\"true\" class=\"wp-block-spacer\"><\/div>\n\n\n\n<figure class=\"wp-block-image size-large is-style-rounded is-style-rounded--9\"><img loading=\"lazy\" decoding=\"async\" width=\"768\" height=\"1024\" src=\"https:\/\/blogi.savonia.fi\/viitalaida\/wp-content\/uploads\/sites\/14211\/2024\/11\/1000011972-scaled-1-768x1024.jpg\" alt=\"\" class=\"wp-image-25\" style=\"aspect-ratio:16\/9;object-fit:cover\" srcset=\"https:\/\/blogi.savonia.fi\/viitalaida\/wp-content\/uploads\/sites\/14211\/2024\/11\/1000011972-scaled-1-768x1024.jpg 768w, https:\/\/blogi.savonia.fi\/viitalaida\/wp-content\/uploads\/sites\/14211\/2024\/11\/1000011972-scaled-1-225x300.jpg 225w, https:\/\/blogi.savonia.fi\/viitalaida\/wp-content\/uploads\/sites\/14211\/2024\/11\/1000011972-scaled-1-1152x1536.jpg 1152w, https:\/\/blogi.savonia.fi\/viitalaida\/wp-content\/uploads\/sites\/14211\/2024\/11\/1000011972-scaled-1-1536x2048.jpg 1536w, https:\/\/blogi.savonia.fi\/viitalaida\/wp-content\/uploads\/sites\/14211\/2024\/11\/1000011972-scaled-1.jpg 1920w\" sizes=\"auto, (max-width: 768px) 100vw, 768px\" \/><\/figure>\n<\/div>\n\n\n\n<div class=\"wp-block-column is-layout-flow wp-container-core-column-is-layout-8a368f38 wp-block-column-is-layout-flow\">\n<div style=\"height:var(--wp--preset--spacing--50)\" aria-hidden=\"true\" class=\"wp-block-spacer\"><\/div>\n\n\n\n<figure class=\"wp-block-image size-large is-style-rounded is-style-rounded--10\"><img loading=\"lazy\" decoding=\"async\" width=\"768\" height=\"1024\" src=\"https:\/\/blogi.savonia.fi\/viitalaida\/wp-content\/uploads\/sites\/14211\/2024\/11\/1000009853-scaled-1-768x1024.jpg\" alt=\"\" class=\"wp-image-21\" style=\"aspect-ratio:1;object-fit:cover\" srcset=\"https:\/\/blogi.savonia.fi\/viitalaida\/wp-content\/uploads\/sites\/14211\/2024\/11\/1000009853-scaled-1-768x1024.jpg 768w, https:\/\/blogi.savonia.fi\/viitalaida\/wp-content\/uploads\/sites\/14211\/2024\/11\/1000009853-scaled-1-225x300.jpg 225w, https:\/\/blogi.savonia.fi\/viitalaida\/wp-content\/uploads\/sites\/14211\/2024\/11\/1000009853-scaled-1-1152x1536.jpg 1152w, https:\/\/blogi.savonia.fi\/viitalaida\/wp-content\/uploads\/sites\/14211\/2024\/11\/1000009853-scaled-1-1536x2048.jpg 1536w, https:\/\/blogi.savonia.fi\/viitalaida\/wp-content\/uploads\/sites\/14211\/2024\/11\/1000009853-scaled-1.jpg 1920w\" sizes=\"auto, (max-width: 768px) 100vw, 768px\" \/><\/figure>\n\n\n\n<div style=\"height:var(--wp--preset--spacing--50)\" aria-hidden=\"true\" class=\"wp-block-spacer\"><\/div>\n\n\n\n<figure class=\"wp-block-image size-full is-style-rounded is-style-rounded--11\"><img loading=\"lazy\" decoding=\"async\" width=\"2560\" height=\"1920\" src=\"https:\/\/blogi.savonia.fi\/viitalaida\/wp-content\/uploads\/sites\/14211\/2024\/11\/IMG_0288-scaled-1.jpg\" alt=\"\" class=\"wp-image-23\" style=\"aspect-ratio:16\/9;object-fit:cover\" srcset=\"https:\/\/blogi.savonia.fi\/viitalaida\/wp-content\/uploads\/sites\/14211\/2024\/11\/IMG_0288-scaled-1.jpg 2560w, https:\/\/blogi.savonia.fi\/viitalaida\/wp-content\/uploads\/sites\/14211\/2024\/11\/IMG_0288-scaled-1-300x225.jpg 300w, https:\/\/blogi.savonia.fi\/viitalaida\/wp-content\/uploads\/sites\/14211\/2024\/11\/IMG_0288-scaled-1-1024x768.jpg 1024w, https:\/\/blogi.savonia.fi\/viitalaida\/wp-content\/uploads\/sites\/14211\/2024\/11\/IMG_0288-scaled-1-768x576.jpg 768w, https:\/\/blogi.savonia.fi\/viitalaida\/wp-content\/uploads\/sites\/14211\/2024\/11\/IMG_0288-scaled-1-1536x1152.jpg 1536w, https:\/\/blogi.savonia.fi\/viitalaida\/wp-content\/uploads\/sites\/14211\/2024\/11\/IMG_0288-scaled-1-2048x1536.jpg 2048w\" sizes=\"auto, (max-width: 2560px) 100vw, 2560px\" \/><\/figure>\n\n\n\n<div style=\"height:var(--wp--preset--spacing--50)\" aria-hidden=\"true\" class=\"wp-block-spacer\"><\/div>\n\n\n\n<figure class=\"wp-block-image size-large is-style-rounded is-style-rounded--12\"><img loading=\"lazy\" decoding=\"async\" width=\"768\" height=\"1024\" src=\"https:\/\/blogi.savonia.fi\/viitalaida\/wp-content\/uploads\/sites\/14211\/2024\/11\/1000003974-scaled-1-768x1024.jpg\" alt=\"\" class=\"wp-image-26\" style=\"aspect-ratio:9\/16;object-fit:cover\" srcset=\"https:\/\/blogi.savonia.fi\/viitalaida\/wp-content\/uploads\/sites\/14211\/2024\/11\/1000003974-scaled-1-768x1024.jpg 768w, https:\/\/blogi.savonia.fi\/viitalaida\/wp-content\/uploads\/sites\/14211\/2024\/11\/1000003974-scaled-1-225x300.jpg 225w, https:\/\/blogi.savonia.fi\/viitalaida\/wp-content\/uploads\/sites\/14211\/2024\/11\/1000003974-scaled-1-1152x1536.jpg 1152w, https:\/\/blogi.savonia.fi\/viitalaida\/wp-content\/uploads\/sites\/14211\/2024\/11\/1000003974-scaled-1-1536x2048.jpg 1536w, https:\/\/blogi.savonia.fi\/viitalaida\/wp-content\/uploads\/sites\/14211\/2024\/11\/1000003974-scaled-1.jpg 1920w\" sizes=\"auto, (max-width: 768px) 100vw, 768px\" \/><\/figure>\n<\/div>\n<\/div>\n<\/div>\n","protected":false},"excerpt":{"rendered":"<p>Olen 22-vuotias opiskelija kuopiosta, jolla on monia mielenkiinnon kohteita.<\/p>\n","protected":false},"author":9047,"featured_media":11,"parent":0,"menu_order":0,"comment_status":"closed","ping_status":"closed","template":"","meta":{"footnotes":""},"class_list":["post-13","page","type-page","status-publish","has-post-thumbnail","hentry"],"_links":{"self":[{"href":"https:\/\/blogi.savonia.fi\/viitalaida\/wp-json\/wp\/v2\/pages\/13","targetHints":{"allow":["GET"]}}],"collection":[{"href":"https:\/\/blogi.savonia.fi\/viitalaida\/wp-json\/wp\/v2\/pages"}],"about":[{"href":"https:\/\/blogi.savonia.fi\/viitalaida\/wp-json\/wp\/v2\/types\/page"}],"author":[{"embeddable":true,"href":"https:\/\/blogi.savonia.fi\/viitalaida\/wp-json\/wp\/v2\/users\/9047"}],"replies":[{"embeddable":true,"href":"https:\/\/blogi.savonia.fi\/viitalaida\/wp-json\/wp\/v2\/comments?post=13"}],"version-history":[{"count":4,"href":"https:\/\/blogi.savonia.fi\/viitalaida\/wp-json\/wp\/v2\/pages\/13\/revisions"}],"predecessor-version":[{"id":135,"href":"https:\/\/blogi.savonia.fi\/viitalaida\/wp-json\/wp\/v2\/pages\/13\/revisions\/135"}],"wp:featuredmedia":[{"embeddable":true,"href":"https:\/\/blogi.savonia.fi\/viitalaida\/wp-json\/wp\/v2\/media\/11"}],"wp:attachment":[{"href":"https:\/\/blogi.savonia.fi\/viitalaida\/wp-json\/wp\/v2\/media?parent=13"}],"curies":[{"name":"wp","href":"https:\/\/api.w.org\/{rel}","templated":true}]}}