{"id":347,"date":"2025-01-30T13:41:58","date_gmt":"2025-01-30T11:41:58","guid":{"rendered":"https:\/\/blogi.savonia.fi\/wirella\/?page_id=347"},"modified":"2025-02-06T13:20:03","modified_gmt":"2025-02-06T11:20:03","slug":"yrityksille","status":"publish","type":"page","link":"https:\/\/blogi.savonia.fi\/wirella\/yrityksille\/","title":{"rendered":"Yrityksille"},"content":{"rendered":"\n<p>Meilt\u00e4 saat kustomoidun korun yrityksesi logolla.<\/p>\n\n\n\n<p>Ota yhteytt\u00e4 s\u00e4hk\u00f6postitse niin suunnittelemme korut juuri teid\u00e4n yrityksellenne sopiviksi!<\/p>\n\n\n\n<div class=\"wp-block-buttons is-layout-flex wp-block-buttons-is-layout-flex\">\n<div class=\"wp-block-button\"><a class=\"wp-block-button__link has-background wp-element-button\" style=\"background:linear-gradient(90deg,rgb(255,206,236) 0%,rgb(152,150,240) 0%)\">Ota yhteytt\u00e4<\/a><\/div>\n<\/div>\n","protected":false},"excerpt":{"rendered":"<p>Meilt\u00e4 saat kustomoidun korun yrityksesi logolla. Ota yhteytt\u00e4 s\u00e4hk\u00f6postitse niin suunnittelemme korut juuri teid\u00e4n yrityksellenne sopiviksi!<\/p>\n","protected":false},"author":11720,"featured_media":0,"parent":0,"menu_order":0,"comment_status":"closed","ping_status":"closed","template":"","meta":{"footnotes":""},"class_list":["post-347","page","type-page","status-publish","hentry","clearfix"],"_links":{"self":[{"href":"https:\/\/blogi.savonia.fi\/wirella\/wp-json\/wp\/v2\/pages\/347","targetHints":{"allow":["GET"]}}],"collection":[{"href":"https:\/\/blogi.savonia.fi\/wirella\/wp-json\/wp\/v2\/pages"}],"about":[{"href":"https:\/\/blogi.savonia.fi\/wirella\/wp-json\/wp\/v2\/types\/page"}],"author":[{"embeddable":true,"href":"https:\/\/blogi.savonia.fi\/wirella\/wp-json\/wp\/v2\/users\/11720"}],"replies":[{"embeddable":true,"href":"https:\/\/blogi.savonia.fi\/wirella\/wp-json\/wp\/v2\/comments?post=347"}],"version-history":[{"count":6,"href":"https:\/\/blogi.savonia.fi\/wirella\/wp-json\/wp\/v2\/pages\/347\/revisions"}],"predecessor-version":[{"id":363,"href":"https:\/\/blogi.savonia.fi\/wirella\/wp-json\/wp\/v2\/pages\/347\/revisions\/363"}],"wp:attachment":[{"href":"https:\/\/blogi.savonia.fi\/wirella\/wp-json\/wp\/v2\/media?parent=347"}],"curies":[{"name":"wp","href":"https:\/\/api.w.org\/{rel}","templated":true}]}}