{"id":28,"date":"2024-11-06T13:57:21","date_gmt":"2024-11-06T11:57:21","guid":{"rendered":"https:\/\/blogi.savonia.fi\/yritysesittely\/?page_id=28"},"modified":"2024-11-06T21:57:16","modified_gmt":"2024-11-06T19:57:16","slug":"tervetuloa","status":"publish","type":"page","link":"https:\/\/blogi.savonia.fi\/yritysesittely\/","title":{"rendered":"TERVETULOA"},"content":{"rendered":"\n<div class=\"wp-block-media-text is-stacked-on-mobile\"><figure class=\"wp-block-media-text__media\"><img loading=\"lazy\" decoding=\"async\" width=\"724\" height=\"1024\" src=\"https:\/\/blogi.savonia.fi\/yritysesittely\/wp-content\/uploads\/sites\/14069\/2024\/11\/1-724x1024.png\" alt=\"\" class=\"wp-image-15 size-full\" srcset=\"https:\/\/blogi.savonia.fi\/yritysesittely\/wp-content\/uploads\/sites\/14069\/2024\/11\/1-724x1024.png 724w, https:\/\/blogi.savonia.fi\/yritysesittely\/wp-content\/uploads\/sites\/14069\/2024\/11\/1-212x300.png 212w, https:\/\/blogi.savonia.fi\/yritysesittely\/wp-content\/uploads\/sites\/14069\/2024\/11\/1-768x1086.png 768w, https:\/\/blogi.savonia.fi\/yritysesittely\/wp-content\/uploads\/sites\/14069\/2024\/11\/1-1086x1536.png 1086w, https:\/\/blogi.savonia.fi\/yritysesittely\/wp-content\/uploads\/sites\/14069\/2024\/11\/1-624x883.png 624w, https:\/\/blogi.savonia.fi\/yritysesittely\/wp-content\/uploads\/sites\/14069\/2024\/11\/1.png 1414w\" sizes=\"auto, (max-width: 724px) 100vw, 724px\" \/><\/figure><div class=\"wp-block-media-text__content\">\n<p>Kotihiiri avautuu t\u00e4ysin uutena konseptina keskelle Helsingin vilkasta y\u00f6el\u00e4m\u00e4\u00e4.<\/p>\n\n\n\n<p>Tervetuloa tutustumaan meihin nettisivujemme kautta. <\/p>\n<\/div><\/div>\n","protected":false},"excerpt":{"rendered":"<p>Kotihiiri avautuu t\u00e4ysin uutena konseptina keskelle Helsingin vilkasta y\u00f6el\u00e4m\u00e4\u00e4. Tervetuloa tutustumaan meihin nettisivujemme kautta.<\/p>\n","protected":false},"author":12200,"featured_media":0,"parent":0,"menu_order":0,"comment_status":"closed","ping_status":"closed","template":"","meta":{"footnotes":""},"class_list":["post-28","page","type-page","status-publish","hentry","clearfix"],"_links":{"self":[{"href":"https:\/\/blogi.savonia.fi\/yritysesittely\/wp-json\/wp\/v2\/pages\/28","targetHints":{"allow":["GET"]}}],"collection":[{"href":"https:\/\/blogi.savonia.fi\/yritysesittely\/wp-json\/wp\/v2\/pages"}],"about":[{"href":"https:\/\/blogi.savonia.fi\/yritysesittely\/wp-json\/wp\/v2\/types\/page"}],"author":[{"embeddable":true,"href":"https:\/\/blogi.savonia.fi\/yritysesittely\/wp-json\/wp\/v2\/users\/12200"}],"replies":[{"embeddable":true,"href":"https:\/\/blogi.savonia.fi\/yritysesittely\/wp-json\/wp\/v2\/comments?post=28"}],"version-history":[{"count":2,"href":"https:\/\/blogi.savonia.fi\/yritysesittely\/wp-json\/wp\/v2\/pages\/28\/revisions"}],"predecessor-version":[{"id":114,"href":"https:\/\/blogi.savonia.fi\/yritysesittely\/wp-json\/wp\/v2\/pages\/28\/revisions\/114"}],"wp:attachment":[{"href":"https:\/\/blogi.savonia.fi\/yritysesittely\/wp-json\/wp\/v2\/media?parent=28"}],"curies":[{"name":"wp","href":"https:\/\/api.w.org\/{rel}","templated":true}]}}