{"id":96,"date":"2024-11-06T21:32:27","date_gmt":"2024-11-06T19:32:27","guid":{"rendered":"https:\/\/blogi.savonia.fi\/yritysesittely\/?page_id=96"},"modified":"2024-11-30T19:55:24","modified_gmt":"2024-11-30T17:55:24","slug":"olohuoneet-1-ja-2","status":"publish","type":"page","link":"https:\/\/blogi.savonia.fi\/yritysesittely\/olohuoneet-1-ja-2\/","title":{"rendered":"Olohuoneet 1 ja 2"},"content":{"rendered":"\n<p class=\"has-text-align-center\">Olemme muistelleen omien lapsuuskotiemme l\u00e4mp\u00f6\u00e4 ja kuinka olohuoneen tunnelma on osana rakasta nostalgiaa sek\u00e4 hyvien aikojen muistelua. Haluamme tuoda sen l\u00e4helle ja lis\u00e4t\u00e4 siihen rentouden hyvien drinkkien sek\u00e4 seuran my\u00f6t\u00e4! Henkil\u00f6kuntamme on leppoisaa sek\u00e4 turvaa sinun ja l\u00e4heistesi rauhallisen illanvieton. Kysy rohkeasti lis\u00e4\u00e4 paikan p\u00e4\u00e4ll\u00e4 Kotihiiren uudesta konseptista, henkil\u00f6kunta on aina valmis auttamaan.<\/p>\n\n\n\n<p class=\"has-text-align-center\"><strong>Olohuone 1<\/strong> tarjoaa rauhaa rakastaville kotihiirille mahdollisuuden nauttia illasta rennoin tunnelmin yst\u00e4vien seurassa. T\u00e4m\u00e4 on talon syd\u00e4n ja pyrimme tuomaan t\u00e4m\u00e4n l\u00e4mm\u00f6n my\u00f6s vieraille laadukkaan palvelun kautta!<\/p>\n\n\n\n<p><\/p>\n\n\n\n<ol class=\"wp-block-list\"><\/ol>\n\n\n<div class=\"wp-block-image\">\n<figure class=\"aligncenter size-large is-resized\"><img loading=\"lazy\" decoding=\"async\" width=\"1024\" height=\"585\" src=\"https:\/\/blogi.savonia.fi\/yritysesittely\/wp-content\/uploads\/sites\/14069\/2024\/11\/image-1024x585.png\" alt=\"\" class=\"wp-image-215\" style=\"width:488px;height:auto\" srcset=\"https:\/\/blogi.savonia.fi\/yritysesittely\/wp-content\/uploads\/sites\/14069\/2024\/11\/image-1024x585.png 1024w, https:\/\/blogi.savonia.fi\/yritysesittely\/wp-content\/uploads\/sites\/14069\/2024\/11\/image-300x171.png 300w, https:\/\/blogi.savonia.fi\/yritysesittely\/wp-content\/uploads\/sites\/14069\/2024\/11\/image-768x439.png 768w, https:\/\/blogi.savonia.fi\/yritysesittely\/wp-content\/uploads\/sites\/14069\/2024\/11\/image-1536x878.png 1536w, https:\/\/blogi.savonia.fi\/yritysesittely\/wp-content\/uploads\/sites\/14069\/2024\/11\/image-700x400.png 700w, https:\/\/blogi.savonia.fi\/yritysesittely\/wp-content\/uploads\/sites\/14069\/2024\/11\/image-520x297.png 520w, https:\/\/blogi.savonia.fi\/yritysesittely\/wp-content\/uploads\/sites\/14069\/2024\/11\/image-360x206.png 360w, https:\/\/blogi.savonia.fi\/yritysesittely\/wp-content\/uploads\/sites\/14069\/2024\/11\/image-250x143.png 250w, https:\/\/blogi.savonia.fi\/yritysesittely\/wp-content\/uploads\/sites\/14069\/2024\/11\/image-100x57.png 100w, https:\/\/blogi.savonia.fi\/yritysesittely\/wp-content\/uploads\/sites\/14069\/2024\/11\/image.png 1792w\" sizes=\"auto, (max-width: 1024px) 100vw, 1024px\" \/><\/figure>\n<\/div>\n\n\n<p><\/p>\n\n\n\n<p><\/p>\n\n\n\n<p class=\"has-text-align-center\"><strong>Olohuone 2<\/strong> on bilett\u00e4jille sek\u00e4 irrottelijoille, jotka kaipaavat irtiottoa arjesta uudessa ymp\u00e4rist\u00f6ss\u00e4. Olemme tuoneet kodin l\u00e4mp\u00f6\u00e4 t\u00e4h\u00e4nkin olohuoneeseen, jotta sinulla olisi se sama nostalginen fiilis naurun lomassa. Drinkkilistamme on laaja, joten sielt\u00e4 l\u00f6ytyy valikoivalle vieraallekin virkistyst\u00e4. Henkil\u00f6kuntamme on suosittelemassa sinulle parhaat vaihtoehdot ja j\u00e4rjestyksenvalvojan pit\u00e4v\u00e4t huolen talon turvallisuudesta.<\/p>\n\n\n<div class=\"wp-block-image\">\n<figure class=\"aligncenter size-large is-resized\"><img loading=\"lazy\" decoding=\"async\" width=\"1024\" height=\"585\" src=\"https:\/\/blogi.savonia.fi\/yritysesittely\/wp-content\/uploads\/sites\/14069\/2024\/11\/image-1-1024x585.png\" alt=\"\" class=\"wp-image-217\" style=\"width:488px;height:auto\" srcset=\"https:\/\/blogi.savonia.fi\/yritysesittely\/wp-content\/uploads\/sites\/14069\/2024\/11\/image-1-1024x585.png 1024w, https:\/\/blogi.savonia.fi\/yritysesittely\/wp-content\/uploads\/sites\/14069\/2024\/11\/image-1-300x171.png 300w, https:\/\/blogi.savonia.fi\/yritysesittely\/wp-content\/uploads\/sites\/14069\/2024\/11\/image-1-768x439.png 768w, https:\/\/blogi.savonia.fi\/yritysesittely\/wp-content\/uploads\/sites\/14069\/2024\/11\/image-1-1536x878.png 1536w, https:\/\/blogi.savonia.fi\/yritysesittely\/wp-content\/uploads\/sites\/14069\/2024\/11\/image-1-700x400.png 700w, https:\/\/blogi.savonia.fi\/yritysesittely\/wp-content\/uploads\/sites\/14069\/2024\/11\/image-1-520x297.png 520w, https:\/\/blogi.savonia.fi\/yritysesittely\/wp-content\/uploads\/sites\/14069\/2024\/11\/image-1-360x206.png 360w, https:\/\/blogi.savonia.fi\/yritysesittely\/wp-content\/uploads\/sites\/14069\/2024\/11\/image-1-250x143.png 250w, https:\/\/blogi.savonia.fi\/yritysesittely\/wp-content\/uploads\/sites\/14069\/2024\/11\/image-1-100x57.png 100w, https:\/\/blogi.savonia.fi\/yritysesittely\/wp-content\/uploads\/sites\/14069\/2024\/11\/image-1.png 1792w\" sizes=\"auto, (max-width: 1024px) 100vw, 1024px\" \/><\/figure>\n<\/div>","protected":false},"excerpt":{"rendered":"<p>Olemme muistelleen omien lapsuuskotiemme l\u00e4mp\u00f6\u00e4 ja kuinka olohuoneen tunnelma on osana rakasta nostalgiaa sek\u00e4 hyvien aikojen muistelua. Haluamme tuoda sen l\u00e4helle ja lis\u00e4t\u00e4 siihen rentouden hyvien drinkkien sek\u00e4 seuran my\u00f6t\u00e4! Henkil\u00f6kuntamme on leppoisaa sek\u00e4 turvaa sinun ja l\u00e4heistesi rauhallisen illanvieton. Kysy rohkeasti lis\u00e4\u00e4 paikan p\u00e4\u00e4ll\u00e4 Kotihiiren uudesta konseptista, henkil\u00f6kunta on [&hellip;]<\/p>\n","protected":false},"author":12200,"featured_media":0,"parent":0,"menu_order":0,"comment_status":"closed","ping_status":"closed","template":"","meta":{"footnotes":""},"class_list":["post-96","page","type-page","status-publish","hentry","clearfix"],"_links":{"self":[{"href":"https:\/\/blogi.savonia.fi\/yritysesittely\/wp-json\/wp\/v2\/pages\/96","targetHints":{"allow":["GET"]}}],"collection":[{"href":"https:\/\/blogi.savonia.fi\/yritysesittely\/wp-json\/wp\/v2\/pages"}],"about":[{"href":"https:\/\/blogi.savonia.fi\/yritysesittely\/wp-json\/wp\/v2\/types\/page"}],"author":[{"embeddable":true,"href":"https:\/\/blogi.savonia.fi\/yritysesittely\/wp-json\/wp\/v2\/users\/12200"}],"replies":[{"embeddable":true,"href":"https:\/\/blogi.savonia.fi\/yritysesittely\/wp-json\/wp\/v2\/comments?post=96"}],"version-history":[{"count":7,"href":"https:\/\/blogi.savonia.fi\/yritysesittely\/wp-json\/wp\/v2\/pages\/96\/revisions"}],"predecessor-version":[{"id":235,"href":"https:\/\/blogi.savonia.fi\/yritysesittely\/wp-json\/wp\/v2\/pages\/96\/revisions\/235"}],"wp:attachment":[{"href":"https:\/\/blogi.savonia.fi\/yritysesittely\/wp-json\/wp\/v2\/media?parent=96"}],"curies":[{"name":"wp","href":"https:\/\/api.w.org\/{rel}","templated":true}]}}